{"id":73,"date":"2023-04-13T14:17:58","date_gmt":"2023-04-13T17:17:58","guid":{"rendered":"https:\/\/grupoclimatec.com.ar\/service-carrier\/?page_id=73"},"modified":"2024-05-15T11:16:19","modified_gmt":"2024-05-15T14:16:19","slug":"grupo-climatec-empresa-de-service-de-service-de-aire-acondicionado","status":"publish","type":"page","link":"https:\/\/grupoclimatec.com.ar\/service-carrier\/grupo-climatec-empresa-de-service-de-service-de-aire-acondicionado\/","title":{"rendered":"Grupo Climatec empresa de service de service de aire acondicionado"},"content":{"rendered":"<section class=\"l-section wpb_row height_large width_full color_primary with_img with_overlay\"><div class=\"l-section-img\" style=\"background-image: url(https:\/\/grupoclimatec.com.ar\/service-carrier\/wp-content\/uploads\/2023\/04\/AIR-CONDITIONER-SERVICE.jpg);\" data-img-width=\"1920\" data-img-height=\"960\"><\/div><div class=\"l-section-overlay\" style=\"background: rgba(0,0,0,0.65)\"><\/div><div class=\"l-section-h i-cf\"><div class=\"g-cols vc_row type_default valign_top\"><div class=\"vc_col-sm-12 wpb_column vc_column_container\"><div class=\"vc_column-inner\"><div class=\"wpb_wrapper\">[vc_custom_heading text=\u00bbClimatec\u00bb font_container=\u00bbtag:h2|text_align:center\u00bb use_theme_fonts=\u00bbyes\u00bb]<\/div><\/div><\/div><\/div><\/div><\/section><section class=\"l-section wpb_row height_medium\"><div class=\"l-section-h i-cf\"><div class=\"g-cols vc_row type_default valign_top\"><div class=\"vc_col-sm-6 wpb_column vc_column_container\"><div class=\"vc_column-inner\"><div class=\"wpb_wrapper\"><div class=\"wpb_text_column\" ><div class=\"wpb_wrapper\"><ul>\n<li><strong>GRUPO CLIMATEC es una empresa dedicada al SERVICE DE AIRE ACONDICIONADO PARA EMPRESAS, mantenimiento e instalaci\u00f3n de equipos de Aire Acondicionado, equipos split, compactos y\/o centrales fri\u00f3 solo y fri\u00f3 calor. Ofrecemos el mejor servicio post-venta al poner a disposici\u00f3n de nuestros clientes un equipo t\u00e9cnico especializado en las instalaciones de las unidades.<\/strong><\/li>\n<li><strong>GRUPO CLIMATEC es una empresa con una amplia experiencia en la instalaci\u00f3n y service de aire acondicionado, en comercios, empresas, instituciones y oficinas.<\/strong><\/li>\n<li><strong>GRUPO CLIMATEC cuenta con personal capacitado para el montaje y conexi\u00f3n de las unidades sean centrales, unidades separadas, compactos y\/o multi-split.<\/strong><\/li>\n<\/ul>\n<\/div><\/div><\/div><\/div><\/div><div class=\"vc_col-sm-6 wpb_column vc_column_container\"><div class=\"vc_column-inner\"><div class=\"wpb_wrapper\"><div class=\"wpb_text_column\" ><div class=\"wpb_wrapper\"><ul>\n<li><strong>CLIMATEC tiene como objetivo principal ofrecer las instalaciones mas prolijas y perdurables. Proveer a nuestros clientes del mejor precio en equipos de aire acondicionado y calefacci\u00f3n con la mas alta tecnolog\u00eda y calidad. Para cumplir con nuestro objetivo contamos con personal joven de una gran capacidad para lograr el montaje de las unidades, siempre conservando la est\u00e9tica de los ambientes en los que trabajamos con productos y equipamiento de la mas alta calidad y tecnolog\u00eda.<\/strong><\/li>\n<\/ul>\n<\/div><\/div><\/div><\/div><\/div><\/div><\/div><\/section><section class=\"l-section wpb_row height_medium color_secondary\"><div class=\"l-section-h i-cf\"><div class=\"g-cols vc_row type_default valign_top\"><div class=\"vc_col-sm-4 wpb_column vc_column_container\"><div class=\"vc_column-inner\"><div class=\"wpb_wrapper\"><div id=\"ultimate-heading-544869d0a61e0a94e\" class=\"uvc-heading ult-adjust-bottom-margin ultimate-heading-544869d0a61e0a94e uvc-3548 \" data-hspacer=\"line_only\"  data-halign=\"left\" style=\"text-align:left\"><div class=\"uvc-main-heading ult-responsive\"  data-ultimate-target='.uvc-heading.ultimate-heading-544869d0a61e0a94e h2'  data-responsive-json-new='{\"font-size\":\"\",\"line-height\":\"\"}' ><h2 style=\"font-weight:normal;\">Service de Aire para Empresas<\/h2><\/div><div class=\"uvc-heading-spacer line_only\" style=\"topheight:1px;\"><span class=\"uvc-headings-line\" style=\"border-style:solid;border-bottom-width:1px;border-color:#ccc;width:autopx;\"><\/span><\/div><div class=\"uvc-sub-heading ult-responsive\"  data-ultimate-target='.uvc-heading.ultimate-heading-544869d0a61e0a94e .uvc-sub-heading '  data-responsive-json-new='{\"font-size\":\"\",\"line-height\":\"\"}'  style=\"font-weight:normal;\">Instalaci\u00f3n, mantenimiento y reparaci\u00f3n de aire acondicionados y calefacci\u00f3n para Empresas.<\/p>\n<ul>\n<li>Central Roof Top<\/li>\n<li>Chillers<\/li>\n<li>Fan Coil<\/li>\n<li>Enfriadores Baldwin<\/li>\n<\/ul>\n<\/div><\/div><\/div><\/div><\/div><div class=\"vc_col-sm-4 wpb_column vc_column_container\"><div class=\"vc_column-inner\"><div class=\"wpb_wrapper\"><div id=\"ultimate-heading-221469d0a61e0aa62\" class=\"uvc-heading ult-adjust-bottom-margin ultimate-heading-221469d0a61e0aa62 uvc-6711 \" data-hspacer=\"line_only\"  data-halign=\"left\" style=\"text-align:left\"><div class=\"uvc-main-heading ult-responsive\"  data-ultimate-target='.uvc-heading.ultimate-heading-221469d0a61e0aa62 h2'  data-responsive-json-new='{\"font-size\":\"\",\"line-height\":\"\"}' ><h2 style=\"font-weight:normal;\">Service de Aire a Domicilio<\/h2><\/div><div class=\"uvc-heading-spacer line_only\" style=\"topheight:1px;\"><span class=\"uvc-headings-line\" style=\"border-style:solid;border-bottom-width:1px;border-color:#ccc;width:autopx;\"><\/span><\/div><div class=\"uvc-sub-heading ult-responsive\"  data-ultimate-target='.uvc-heading.ultimate-heading-221469d0a61e0aa62 .uvc-sub-heading '  data-responsive-json-new='{\"font-size\":\"\",\"line-height\":\"\"}'  style=\"font-weight:normal;\">T\u00e9cnicos de Aire Profesionales a domicilio para instalaci\u00f3n y reparaci\u00f3n de aires acondicionado y calefacci\u00f3n.<\/p>\n<ul>\n<li>Split<\/li>\n<li>Piso\/Techo<\/li>\n<li>Bajo Silueta<\/li>\n<li>Sopladoras<\/li>\n<li>Cassette<\/li>\n<li>Calefactores<\/li>\n<li>Calderas<\/li>\n<\/ul>\n<\/div><\/div><\/div><\/div><\/div><div class=\"vc_col-sm-4 wpb_column vc_column_container\"><div class=\"vc_column-inner\"><div class=\"wpb_wrapper\"><div id=\"ultimate-heading-170769d0a61e0ab5e\" class=\"uvc-heading ult-adjust-bottom-margin ultimate-heading-170769d0a61e0ab5e uvc-1695 \" data-hspacer=\"line_only\"  data-halign=\"left\" style=\"text-align:left\"><div class=\"uvc-main-heading ult-responsive\"  data-ultimate-target='.uvc-heading.ultimate-heading-170769d0a61e0ab5e h2'  data-responsive-json-new='{\"font-size\":\"\",\"line-height\":\"\"}' ><h2 style=\"font-weight:normal;\">Service de Aire por Marcas<\/h2><\/div><div class=\"uvc-heading-spacer line_only\" style=\"topheight:1px;\"><span class=\"uvc-headings-line\" style=\"border-style:solid;border-bottom-width:1px;border-color:#ccc;width:autopx;\"><\/span><\/div><div class=\"uvc-sub-heading ult-responsive\"  data-ultimate-target='.uvc-heading.ultimate-heading-170769d0a61e0ab5e .uvc-sub-heading '  data-responsive-json-new='{\"font-size\":\"\",\"line-height\":\"\"}'  style=\"font-weight:normal;\">Contamos con el Servicio T\u00e9cnico Profesional de Aire Acondicionado y calefacci\u00f3n para las principales marcas del mercado. Cons\u00faltenos por su sistema de aire que sabremos responderle a la brevedad para darle una Soluci\u00f3n.<\/div><\/div><\/div><\/div><\/div><\/div><\/div><\/section>\n","protected":false},"excerpt":{"rendered":"[vc_custom_heading text=\"Climatec\" font_container=\"tag:h2|text_align:center\" use_theme_fonts=\"yes\"] GRUPO CLIMATEC es una empresa dedicada al SERVICE DE AIRE ACONDICIONADO PARA EMPRESAS, mantenimiento e instalaci\u00f3n de equipos de Aire Acondicionado, equipos split, compactos y\/o centrales fri\u00f3 solo y fri\u00f3 calor. Ofrecemos el mejor servicio post-venta al poner a disposici\u00f3n de nuestros clientes un equipo t\u00e9cnico especializado en las instalaciones de...","protected":false},"author":2,"featured_media":121,"parent":0,"menu_order":0,"comment_status":"closed","ping_status":"closed","template":"","meta":{"footnotes":""},"class_list":["post-73","page","type-page","status-publish","has-post-thumbnail","hentry"],"yoast_head":"<!-- This site is optimized with the Yoast SEO plugin v27.3 - https:\/\/yoast.com\/product\/yoast-seo-wordpress\/ -->\n<title>Grupo Climatec empresa de service de service de aire acondicionado - Grupo Climatec Service oficial Carrier Surrey\u00a0Midea<\/title>\n<meta name=\"description\" content=\"Grupo climatec service de aire acondicionado acondicionado, equipos split, compactos y\/o centrales fri\u00f3 solo y fri\u00f3 calor\" \/>\n<meta name=\"robots\" content=\"index, follow, max-snippet:-1, max-image-preview:large, max-video-preview:-1\" \/>\n<link rel=\"canonical\" href=\"https:\/\/grupoclimatec.com.ar\/service-carrier\/grupo-climatec-empresa-de-service-de-service-de-aire-acondicionado\/\" \/>\n<meta property=\"og:locale\" content=\"es_ES\" \/>\n<meta property=\"og:type\" content=\"article\" \/>\n<meta property=\"og:title\" content=\"Grupo Climatec empresa de service de service de aire acondicionado - Grupo Climatec Service oficial Carrier Surrey\u00a0Midea\" \/>\n<meta property=\"og:description\" content=\"Grupo climatec service de aire acondicionado acondicionado, equipos split, compactos y\/o centrales fri\u00f3 solo y fri\u00f3 calor\" \/>\n<meta property=\"og:url\" content=\"https:\/\/grupoclimatec.com.ar\/service-carrier\/grupo-climatec-empresa-de-service-de-service-de-aire-acondicionado\/\" \/>\n<meta property=\"og:site_name\" content=\"Grupo Climatec Service oficial Carrier Surrey\u00a0Midea\" \/>\n<meta property=\"article:modified_time\" content=\"2024-05-15T14:16:19+00:00\" \/>\n<meta property=\"og:image\" content=\"https:\/\/grupoclimatec.com.ar\/service-carrier\/wp-content\/uploads\/2023\/04\/post-3-946x802-1.jpg\" \/>\n\t<meta property=\"og:image:width\" content=\"946\" \/>\n\t<meta property=\"og:image:height\" content=\"802\" \/>\n\t<meta property=\"og:image:type\" content=\"image\/jpeg\" \/>\n<meta name=\"twitter:card\" content=\"summary_large_image\" \/>\n<meta name=\"twitter:label1\" content=\"Tiempo de lectura\" \/>\n\t<meta name=\"twitter:data1\" content=\"2 minutos\" \/>\n<script type=\"application\/ld+json\" class=\"yoast-schema-graph\">{\"@context\":\"https:\\\/\\\/schema.org\",\"@graph\":[{\"@type\":\"WebPage\",\"@id\":\"https:\\\/\\\/grupoclimatec.com.ar\\\/service-carrier\\\/grupo-climatec-empresa-de-service-de-service-de-aire-acondicionado\\\/\",\"url\":\"https:\\\/\\\/grupoclimatec.com.ar\\\/service-carrier\\\/grupo-climatec-empresa-de-service-de-service-de-aire-acondicionado\\\/\",\"name\":\"Grupo Climatec empresa de service de service de aire acondicionado - Grupo Climatec Service oficial Carrier Surrey\u00a0Midea\",\"isPartOf\":{\"@id\":\"http:\\\/\\\/climatec03.com\\\/service-carrier\\\/#website\"},\"primaryImageOfPage\":{\"@id\":\"https:\\\/\\\/grupoclimatec.com.ar\\\/service-carrier\\\/grupo-climatec-empresa-de-service-de-service-de-aire-acondicionado\\\/#primaryimage\"},\"image\":{\"@id\":\"https:\\\/\\\/grupoclimatec.com.ar\\\/service-carrier\\\/grupo-climatec-empresa-de-service-de-service-de-aire-acondicionado\\\/#primaryimage\"},\"thumbnailUrl\":\"https:\\\/\\\/grupoclimatec.com.ar\\\/service-carrier\\\/wp-content\\\/uploads\\\/2023\\\/04\\\/post-3-946x802-1.jpg\",\"datePublished\":\"2023-04-13T17:17:58+00:00\",\"dateModified\":\"2024-05-15T14:16:19+00:00\",\"description\":\"Grupo climatec service de aire acondicionado acondicionado, equipos split, compactos y\\\/o centrales fri\u00f3 solo y fri\u00f3 calor\",\"breadcrumb\":{\"@id\":\"https:\\\/\\\/grupoclimatec.com.ar\\\/service-carrier\\\/grupo-climatec-empresa-de-service-de-service-de-aire-acondicionado\\\/#breadcrumb\"},\"inLanguage\":\"es\",\"potentialAction\":[{\"@type\":\"ReadAction\",\"target\":[\"https:\\\/\\\/grupoclimatec.com.ar\\\/service-carrier\\\/grupo-climatec-empresa-de-service-de-service-de-aire-acondicionado\\\/\"]}]},{\"@type\":\"ImageObject\",\"inLanguage\":\"es\",\"@id\":\"https:\\\/\\\/grupoclimatec.com.ar\\\/service-carrier\\\/grupo-climatec-empresa-de-service-de-service-de-aire-acondicionado\\\/#primaryimage\",\"url\":\"https:\\\/\\\/grupoclimatec.com.ar\\\/service-carrier\\\/wp-content\\\/uploads\\\/2023\\\/04\\\/post-3-946x802-1.jpg\",\"contentUrl\":\"https:\\\/\\\/grupoclimatec.com.ar\\\/service-carrier\\\/wp-content\\\/uploads\\\/2023\\\/04\\\/post-3-946x802-1.jpg\",\"width\":946,\"height\":802},{\"@type\":\"BreadcrumbList\",\"@id\":\"https:\\\/\\\/grupoclimatec.com.ar\\\/service-carrier\\\/grupo-climatec-empresa-de-service-de-service-de-aire-acondicionado\\\/#breadcrumb\",\"itemListElement\":[{\"@type\":\"ListItem\",\"position\":1,\"name\":\"Portada\",\"item\":\"https:\\\/\\\/grupoclimatec.com.ar\\\/service-carrier\\\/\"},{\"@type\":\"ListItem\",\"position\":2,\"name\":\"Grupo Climatec empresa de service de service de aire acondicionado\"}]},{\"@type\":\"WebSite\",\"@id\":\"http:\\\/\\\/climatec03.com\\\/service-carrier\\\/#website\",\"url\":\"http:\\\/\\\/climatec03.com\\\/service-carrier\\\/\",\"name\":\"Grupo Climatec Service oficial Carrier Surrey\u00a0Midea\",\"description\":\"Service de aire acondicionado especializados en Carrier Surrey\u00a0Midea reparaciones\",\"potentialAction\":[{\"@type\":\"SearchAction\",\"target\":{\"@type\":\"EntryPoint\",\"urlTemplate\":\"http:\\\/\\\/climatec03.com\\\/service-carrier\\\/?s={search_term_string}\"},\"query-input\":{\"@type\":\"PropertyValueSpecification\",\"valueRequired\":true,\"valueName\":\"search_term_string\"}}],\"inLanguage\":\"es\"}]}<\/script>\n<!-- \/ Yoast SEO plugin. -->","yoast_head_json":{"title":"Grupo Climatec empresa de service de service de aire acondicionado - Grupo Climatec Service oficial Carrier Surrey\u00a0Midea","description":"Grupo climatec service de aire acondicionado acondicionado, equipos split, compactos y\/o centrales fri\u00f3 solo y fri\u00f3 calor","robots":{"index":"index","follow":"follow","max-snippet":"max-snippet:-1","max-image-preview":"max-image-preview:large","max-video-preview":"max-video-preview:-1"},"canonical":"https:\/\/grupoclimatec.com.ar\/service-carrier\/grupo-climatec-empresa-de-service-de-service-de-aire-acondicionado\/","og_locale":"es_ES","og_type":"article","og_title":"Grupo Climatec empresa de service de service de aire acondicionado - Grupo Climatec Service oficial Carrier Surrey\u00a0Midea","og_description":"Grupo climatec service de aire acondicionado acondicionado, equipos split, compactos y\/o centrales fri\u00f3 solo y fri\u00f3 calor","og_url":"https:\/\/grupoclimatec.com.ar\/service-carrier\/grupo-climatec-empresa-de-service-de-service-de-aire-acondicionado\/","og_site_name":"Grupo Climatec Service oficial Carrier Surrey\u00a0Midea","article_modified_time":"2024-05-15T14:16:19+00:00","og_image":[{"width":946,"height":802,"url":"https:\/\/grupoclimatec.com.ar\/service-carrier\/wp-content\/uploads\/2023\/04\/post-3-946x802-1.jpg","type":"image\/jpeg"}],"twitter_card":"summary_large_image","twitter_misc":{"Tiempo de lectura":"2 minutos"},"schema":{"@context":"https:\/\/schema.org","@graph":[{"@type":"WebPage","@id":"https:\/\/grupoclimatec.com.ar\/service-carrier\/grupo-climatec-empresa-de-service-de-service-de-aire-acondicionado\/","url":"https:\/\/grupoclimatec.com.ar\/service-carrier\/grupo-climatec-empresa-de-service-de-service-de-aire-acondicionado\/","name":"Grupo Climatec empresa de service de service de aire acondicionado - Grupo Climatec Service oficial Carrier Surrey\u00a0Midea","isPartOf":{"@id":"http:\/\/climatec03.com\/service-carrier\/#website"},"primaryImageOfPage":{"@id":"https:\/\/grupoclimatec.com.ar\/service-carrier\/grupo-climatec-empresa-de-service-de-service-de-aire-acondicionado\/#primaryimage"},"image":{"@id":"https:\/\/grupoclimatec.com.ar\/service-carrier\/grupo-climatec-empresa-de-service-de-service-de-aire-acondicionado\/#primaryimage"},"thumbnailUrl":"https:\/\/grupoclimatec.com.ar\/service-carrier\/wp-content\/uploads\/2023\/04\/post-3-946x802-1.jpg","datePublished":"2023-04-13T17:17:58+00:00","dateModified":"2024-05-15T14:16:19+00:00","description":"Grupo climatec service de aire acondicionado acondicionado, equipos split, compactos y\/o centrales fri\u00f3 solo y fri\u00f3 calor","breadcrumb":{"@id":"https:\/\/grupoclimatec.com.ar\/service-carrier\/grupo-climatec-empresa-de-service-de-service-de-aire-acondicionado\/#breadcrumb"},"inLanguage":"es","potentialAction":[{"@type":"ReadAction","target":["https:\/\/grupoclimatec.com.ar\/service-carrier\/grupo-climatec-empresa-de-service-de-service-de-aire-acondicionado\/"]}]},{"@type":"ImageObject","inLanguage":"es","@id":"https:\/\/grupoclimatec.com.ar\/service-carrier\/grupo-climatec-empresa-de-service-de-service-de-aire-acondicionado\/#primaryimage","url":"https:\/\/grupoclimatec.com.ar\/service-carrier\/wp-content\/uploads\/2023\/04\/post-3-946x802-1.jpg","contentUrl":"https:\/\/grupoclimatec.com.ar\/service-carrier\/wp-content\/uploads\/2023\/04\/post-3-946x802-1.jpg","width":946,"height":802},{"@type":"BreadcrumbList","@id":"https:\/\/grupoclimatec.com.ar\/service-carrier\/grupo-climatec-empresa-de-service-de-service-de-aire-acondicionado\/#breadcrumb","itemListElement":[{"@type":"ListItem","position":1,"name":"Portada","item":"https:\/\/grupoclimatec.com.ar\/service-carrier\/"},{"@type":"ListItem","position":2,"name":"Grupo Climatec empresa de service de service de aire acondicionado"}]},{"@type":"WebSite","@id":"http:\/\/climatec03.com\/service-carrier\/#website","url":"http:\/\/climatec03.com\/service-carrier\/","name":"Grupo Climatec Service oficial Carrier Surrey\u00a0Midea","description":"Service de aire acondicionado especializados en Carrier Surrey\u00a0Midea reparaciones","potentialAction":[{"@type":"SearchAction","target":{"@type":"EntryPoint","urlTemplate":"http:\/\/climatec03.com\/service-carrier\/?s={search_term_string}"},"query-input":{"@type":"PropertyValueSpecification","valueRequired":true,"valueName":"search_term_string"}}],"inLanguage":"es"}]}},"_links":{"self":[{"href":"https:\/\/grupoclimatec.com.ar\/service-carrier\/wp-json\/wp\/v2\/pages\/73","targetHints":{"allow":["GET"]}}],"collection":[{"href":"https:\/\/grupoclimatec.com.ar\/service-carrier\/wp-json\/wp\/v2\/pages"}],"about":[{"href":"https:\/\/grupoclimatec.com.ar\/service-carrier\/wp-json\/wp\/v2\/types\/page"}],"author":[{"embeddable":true,"href":"https:\/\/grupoclimatec.com.ar\/service-carrier\/wp-json\/wp\/v2\/users\/2"}],"replies":[{"embeddable":true,"href":"https:\/\/grupoclimatec.com.ar\/service-carrier\/wp-json\/wp\/v2\/comments?post=73"}],"version-history":[{"count":28,"href":"https:\/\/grupoclimatec.com.ar\/service-carrier\/wp-json\/wp\/v2\/pages\/73\/revisions"}],"predecessor-version":[{"id":207,"href":"https:\/\/grupoclimatec.com.ar\/service-carrier\/wp-json\/wp\/v2\/pages\/73\/revisions\/207"}],"wp:featuredmedia":[{"embeddable":true,"href":"https:\/\/grupoclimatec.com.ar\/service-carrier\/wp-json\/wp\/v2\/media\/121"}],"wp:attachment":[{"href":"https:\/\/grupoclimatec.com.ar\/service-carrier\/wp-json\/wp\/v2\/media?parent=73"}],"curies":[{"name":"wp","href":"https:\/\/api.w.org\/{rel}","templated":true}]}}